{"id":734,"date":"2024-10-20T20:16:00","date_gmt":"2024-10-20T18:16:00","guid":{"rendered":"https:\/\/witchbubble.com\/?post_type=product&#038;p=734"},"modified":"2024-10-20T20:16:01","modified_gmt":"2024-10-20T18:16:01","slug":"sauge-sang-de-dragon-fagot-10cm","status":"publish","type":"product","link":"https:\/\/witchbubble.com\/index.php\/produit\/sauge-sang-de-dragon-fagot-10cm\/","title":{"rendered":"Sauge sang de dragon (Fagot 10cm)"},"content":{"rendered":"<div class=\"flex max-w-full flex-col flex-grow\">\n<div class=\"min-h-8 text-message flex w-full flex-col items-end gap-2 whitespace-normal break-words [.text-message+&amp;]:mt-5\" dir=\"auto\" data-message-author-role=\"assistant\" data-message-id=\"073267d8-2150-4c8d-ac3f-66ff55a67bb1\" data-message-model-slug=\"gpt-4o\">\n<div class=\"flex w-full flex-col gap-1 empty:hidden first:pt-[3px]\">\n<div class=\"markdown prose w-full break-words dark:prose-invert light\">\n<p>La <em>sauge Sang de Dragon<\/em> est une combinaison de deux \u00e9l\u00e9ments distincts : la <strong>sauge<\/strong> et la <strong>r\u00e9sine de sang de dragon<\/strong>. Ce m\u00e9lange est souvent utilis\u00e9 \u00e0 des fins spirituelles et de purification dans diverses pratiques \u00e9sot\u00e9riques. Voici un r\u00e9sum\u00e9 de leurs propri\u00e9t\u00e9s et usages.<\/p>\n<h3>1. <strong>Sauge<\/strong> (<em>Salvia officinalis<\/em> ou <em>Salvia apiana<\/em>) :<\/h3>\n<ul>\n<li><strong>Origine<\/strong> : Utilis\u00e9e dans de nombreuses cultures \u00e0 travers le monde, notamment par les Am\u00e9rindiens, la sauge est une plante connue pour ses vertus purificatrices.<\/li>\n<li><strong>Propri\u00e9t\u00e9s<\/strong> : La sauge est reconnue pour ses effets purificateurs sur l\u2019\u00e9nergie et l\u2019environnement. Elle est souvent br\u00fbl\u00e9e sous forme de b\u00e2tons de fumigation pour chasser les \u00e9nergies n\u00e9gatives et purifier les espaces, objets ou personnes.<\/li>\n<li><strong>Usages spirituels<\/strong> : Elle est utilis\u00e9e dans les rituels de nettoyage \u00e9nerg\u00e9tique, de m\u00e9ditation et de protection spirituelle.<\/li>\n<\/ul>\n<h3>2. <strong>Sang de Dragon<\/strong> :<\/h3>\n<ul>\n<li><strong>Origine<\/strong> : Le \u00ab sang de dragon \u00bb est une r\u00e9sine rouge\u00e2tre extraite de diff\u00e9rentes esp\u00e8ces d&rsquo;arbres, principalement du genre <em>Daemonorops<\/em> ou <em>Dracaena<\/em>, poussant dans les r\u00e9gions tropicales d&rsquo;Asie, d&rsquo;Afrique et d&rsquo;Am\u00e9rique du Sud.<\/li>\n<li><strong>Propri\u00e9t\u00e9s<\/strong> : La r\u00e9sine de sang de dragon est r\u00e9put\u00e9e pour ses propri\u00e9t\u00e9s protectrices, curatives et magiques. Elle est utilis\u00e9e dans les encens, les rituels de gu\u00e9rison, et les protections contre les \u00e9nergies n\u00e9fastes.<\/li>\n<li><strong>Usages spirituels<\/strong> : Cette r\u00e9sine est fr\u00e9quemment br\u00fbl\u00e9e pour amplifier l\u2019\u00e9nergie d&rsquo;un rituel ou pour renforcer la protection contre des influences n\u00e9gatives. Elle est \u00e9galement utilis\u00e9e dans des pratiques visant \u00e0 acc\u00e9l\u00e9rer la gu\u00e9rison spirituelle ou physique.<\/li>\n<\/ul>\n<h3>3. <strong>M\u00e9lange Sauge et Sang de Dragon<\/strong> :<\/h3>\n<ul>\n<li><strong>Combinaison<\/strong> : Lorsque la sauge et la r\u00e9sine de sang de dragon sont combin\u00e9es, elles offrent un puissant outil spirituel. La sauge purifie et chasse les \u00e9nergies n\u00e9gatives, tandis que la r\u00e9sine de sang de dragon renforce cette purification et apporte une protection suppl\u00e9mentaire.<\/li>\n<li><strong>Usages<\/strong> : Ce m\u00e9lange est souvent utilis\u00e9 dans les rituels de purification intensifs, pour prot\u00e9ger des espaces ou des personnes contre des influences n\u00e9gatives plus fortes, ou encore pour renforcer les intentions de gu\u00e9rison.<\/li>\n<\/ul>\n<h3>Symbolisme :<\/h3>\n<ul>\n<li><strong>Protection et puissance<\/strong> : Le sang de dragon est souvent associ\u00e9 \u00e0 la force, la protection et l\u2019\u00e9nergie vitale, tandis que la sauge repr\u00e9sente la sagesse, la purification et le renouveau spirituel.<\/li>\n<\/ul>\n<p>En r\u00e9sum\u00e9, la <em>sauge Sang de Dragon<\/em> combine les propri\u00e9t\u00e9s purificatrices de la sauge avec la force protectrice de la r\u00e9sine de sang de dragon, cr\u00e9ant un puissant m\u00e9lange utilis\u00e9 dans les rituels spirituels pour chasser les \u00e9nergies n\u00e9gatives et offrir une protection durable.<\/p>\n<\/div>\n<\/div>\n<\/div>\n<\/div>\n","protected":false},"excerpt":{"rendered":"<p>La <em>sauge Sang de Dragon<\/em> est un puissant m\u00e9lange spirituel combinant la sauge purificatrice et la r\u00e9sine de sang de dragon, r\u00e9put\u00e9e pour ses propri\u00e9t\u00e9s protectrices. Utilis\u00e9e en fumigation, cette combinaison chasse les \u00e9nergies n\u00e9gatives, prot\u00e8ge les espaces et renforce les rituels de gu\u00e9rison. Tr\u00e8s pris\u00e9e dans les pratiques \u00e9sot\u00e9riques, elle associe purification et protection pour un nettoyage \u00e9nerg\u00e9tique intensif et durable.<\/p>\n","protected":false},"featured_media":736,"comment_status":"closed","ping_status":"closed","template":"","meta":[],"product_brand":[],"product_cat":[38,55,51,37],"product_tag":[90,63,91,86,92,65,93,94,95,96,97],"class_list":{"0":"post-734","1":"product","2":"type-product","3":"status-publish","4":"has-post-thumbnail","6":"product_cat-herbes","7":"product_cat-feu","8":"product_cat-elements","9":"product_cat-purification","10":"product_tag-dragon","11":"product_tag-energie","12":"product_tag-fumigation","13":"product_tag-magie","14":"product_tag-puissance","15":"product_tag-purification","16":"product_tag-rites","17":"product_tag-rituels","18":"product_tag-sang","19":"product_tag-sauge","20":"product_tag-spirituel","21":"it-has-gallery","23":"first","24":"instock","25":"shipping-taxable","26":"purchasable","27":"product-type-simple"},"jetpack_sharing_enabled":true,"_links":{"self":[{"href":"https:\/\/witchbubble.com\/index.php\/wp-json\/wp\/v2\/product\/734","targetHints":{"allow":["GET"]}}],"collection":[{"href":"https:\/\/witchbubble.com\/index.php\/wp-json\/wp\/v2\/product"}],"about":[{"href":"https:\/\/witchbubble.com\/index.php\/wp-json\/wp\/v2\/types\/product"}],"replies":[{"embeddable":true,"href":"https:\/\/witchbubble.com\/index.php\/wp-json\/wp\/v2\/comments?post=734"}],"wp:featuredmedia":[{"embeddable":true,"href":"https:\/\/witchbubble.com\/index.php\/wp-json\/wp\/v2\/media\/736"}],"wp:attachment":[{"href":"https:\/\/witchbubble.com\/index.php\/wp-json\/wp\/v2\/media?parent=734"}],"wp:term":[{"taxonomy":"product_brand","embeddable":true,"href":"https:\/\/witchbubble.com\/index.php\/wp-json\/wp\/v2\/product_brand?post=734"},{"taxonomy":"product_cat","embeddable":true,"href":"https:\/\/witchbubble.com\/index.php\/wp-json\/wp\/v2\/product_cat?post=734"},{"taxonomy":"product_tag","embeddable":true,"href":"https:\/\/witchbubble.com\/index.php\/wp-json\/wp\/v2\/product_tag?post=734"}],"curies":[{"name":"wp","href":"https:\/\/api.w.org\/{rel}","templated":true}]}}